{"id":1950,"date":"2025-01-16T14:05:24","date_gmt":"2025-01-16T13:05:24","guid":{"rendered":"https:\/\/irenedoyen.com\/?page_id=1950"},"modified":"2025-01-16T15:08:20","modified_gmt":"2025-01-16T14:08:20","slug":"collectif-8-mars-87","status":"publish","type":"page","link":"https:\/\/irenedoyen.com\/index.php\/collectif-8-mars-87\/","title":{"rendered":"Collectif 8 mars 87"},"content":{"rendered":"\t\t<div data-elementor-type=\"wp-page\" data-elementor-id=\"1950\" class=\"elementor elementor-1950\" data-elementor-settings=\"[]\">\n\t\t\t\t\t\t<div class=\"elementor-inner\">\n\t\t\t\t\t\t\t<div class=\"elementor-section-wrap\">\n\t\t\t\t\t\t\t<section class=\"elementor-section elementor-top-section elementor-element elementor-element-5a4e93c elementor-section-boxed elementor-section-height-default elementor-section-height-default\" data-id=\"5a4e93c\" data-element_type=\"section\">\n\t\t\t\t\t\t<div class=\"elementor-container elementor-column-gap-default\">\n\t\t\t\t\t\t\t<div class=\"elementor-row\">\n\t\t\t\t\t<div class=\"elementor-column elementor-col-50 elementor-top-column elementor-element elementor-element-a56d5c3\" data-id=\"a56d5c3\" data-element_type=\"column\">\n\t\t\t<div class=\"elementor-column-wrap elementor-element-populated\">\n\t\t\t\t\t\t\t<div class=\"elementor-widget-wrap\">\n\t\t\t\t\t\t<div class=\"elementor-element elementor-element-6bfada3 elementor-invisible elementor-widget elementor-widget-image\" data-id=\"6bfada3\" data-element_type=\"widget\" data-settings=\"{&quot;_animation&quot;:&quot;fadeIn&quot;}\" data-widget_type=\"image.default\">\n\t\t\t\t<div class=\"elementor-widget-container\">\n\t\t\t\t\t<div class=\"elementor-image\">\n\t\t\t\t\t\t\t\t\t\t<img width=\"640\" height=\"905\" src=\"https:\/\/irenedoyen.com\/wp-content\/uploads\/2025\/01\/03-colo-A4-72-dpi-instagrame-724x1024.jpg\" class=\"attachment-large size-large\" alt=\"Collectif 8 mars\" loading=\"lazy\" srcset=\"https:\/\/irenedoyen.com\/wp-content\/uploads\/2025\/01\/03-colo-A4-72-dpi-instagrame-724x1024.jpg 724w, https:\/\/irenedoyen.com\/wp-content\/uploads\/2025\/01\/03-colo-A4-72-dpi-instagrame-212x300.jpg 212w, https:\/\/irenedoyen.com\/wp-content\/uploads\/2025\/01\/03-colo-A4-72-dpi-instagrame-768x1087.jpg 768w, https:\/\/irenedoyen.com\/wp-content\/uploads\/2025\/01\/03-colo-A4-72-dpi-instagrame-1086x1536.jpg 1086w, https:\/\/irenedoyen.com\/wp-content\/uploads\/2025\/01\/03-colo-A4-72-dpi-instagrame-640x906.jpg 640w, https:\/\/irenedoyen.com\/wp-content\/uploads\/2025\/01\/03-colo-A4-72-dpi-instagrame-600x849.jpg 600w, https:\/\/irenedoyen.com\/wp-content\/uploads\/2025\/01\/03-colo-A4-72-dpi-instagrame.jpg 1357w\" sizes=\"(max-width: 640px) 100vw, 640px\" \/>\t\t\t\t\t\t\t\t\t\t\t<\/div>\n\t\t\t\t<\/div>\n\t\t\t\t<\/div>\n\t\t\t\t\t\t<\/div>\n\t\t\t\t\t<\/div>\n\t\t<\/div>\n\t\t\t\t<div class=\"elementor-column elementor-col-50 elementor-top-column elementor-element elementor-element-342fb59\" data-id=\"342fb59\" data-element_type=\"column\">\n\t\t\t<div class=\"elementor-column-wrap elementor-element-populated\">\n\t\t\t\t\t\t\t<div class=\"elementor-widget-wrap\">\n\t\t\t\t\t\t<div class=\"elementor-element elementor-element-2db5222 elementor-invisible elementor-widget elementor-widget-text-editor\" data-id=\"2db5222\" data-element_type=\"widget\" data-settings=\"{&quot;_animation&quot;:&quot;fadeIn&quot;}\" data-widget_type=\"text-editor.default\">\n\t\t\t\t<div class=\"elementor-widget-container\">\n\t\t\t\t\t<div class=\"elementor-text-editor elementor-clearfix\"><h2 style=\"margin: 40px 0px 15px; padding: 0px; border: 0px; font-variant-numeric: normal; font-variant-east-asian: normal; font-stretch: normal; line-height: 25px; vertical-align: baseline; text-align: center; background-color: #f1ecec; letter-spacing: 0.22px; font-weight: 300; font-size: 22px; font-family: Montserrat; color: #38b6ff;\"><span style=\"vertical-align: inherit; color: #bf3a28;\"><span style=\"vertical-align: inherit;\"><span style=\"vertical-align: inherit;\"><span style=\"vertical-align: inherit;\"><span style=\"vertical-align: inherit;\"><span style=\"vertical-align: inherit;\"><span style=\"vertical-align: inherit;\"><span style=\"vertical-align: inherit;\"><span style=\"vertical-align: inherit;\"><span style=\"vertical-align: inherit;\"><span style=\"vertical-align: inherit;\"><span style=\"vertical-align: inherit;\"><span style=\"vertical-align: inherit;\"><span style=\"vertical-align: inherit;\"><span style=\"vertical-align: inherit;\"><span style=\"vertical-align: inherit;\">Collectif 8 mars 87<\/span><\/span><\/span><\/span><\/span><\/span><\/span><\/span><\/span><\/span><\/span><\/span><\/span><\/span><\/span><\/span><\/h2><p style=\"text-align: center;\">\u00a0La journ\u00e9e internationale de lutte pour les droits des femmes<\/p><p style=\"text-align: center;\"><strong>Je\u00a0suis intervenu en tant que :<\/strong><\/p><ul><li>Cr\u00e9ation d&#8217;affiche<\/li><li>Concepteur visuel<\/li><li>illustrations des personnages<\/li><li>Banni\u00e8re FB<\/li><\/ul><\/div>\n\t\t\t\t<\/div>\n\t\t\t\t<\/div>\n\t\t\t\t<div class=\"elementor-element elementor-element-581f633 elementor-widget-divider--view-line elementor-widget elementor-widget-divider\" data-id=\"581f633\" data-element_type=\"widget\" data-widget_type=\"divider.default\">\n\t\t\t\t<div class=\"elementor-widget-container\">\n\t\t\t\t\t<div class=\"elementor-divider\">\n\t\t\t<span class=\"elementor-divider-separator\">\n\t\t\t\t\t\t<\/span>\n\t\t<\/div>\n\t\t\t\t<\/div>\n\t\t\t\t<\/div>\n\t\t\t\t<div class=\"elementor-element elementor-element-18b1c3a elementor-widget elementor-widget-text-editor\" data-id=\"18b1c3a\" data-element_type=\"widget\" data-widget_type=\"text-editor.default\">\n\t\t\t\t<div class=\"elementor-widget-container\">\n\t\t\t\t\t<div class=\"elementor-text-editor elementor-clearfix\"><p style=\"text-align: left;\"><a href=\"https:\/\/linktr.ee\/collectif8mars87?fbclid=PAZXh0bgNhZW0CMTEAAaYVbYh-eggFvQjr517ZL47XP6HvkJ4-zNV8MHFgofAcyPwI7UO8ZW_GzGA_aem_6t07ync1W1Lpf5A7JAA9fw\"><strong>Le Collectif 08 mars 87<\/strong><\/a> rassemble des associations et syndicats de la Haute-Vienne afin de d\u00e9noncer toutes les formes de violences et de discriminations.<\/p><blockquote><p style=\"text-align: left;\"><em><span style=\"color: #999999;\">&#8220;Je\u00a0 n&#8217;accepte plus les choses que je ne peux pas changer.<\/span><\/em><br \/><em><span style=\"color: #999999;\">Je change les choses que je ne peux pas accepter.&#8221;<\/span><\/em><br \/><em><span style=\"color: #999999;\">&#8211; Angela Davis<\/span><\/em><\/p><\/blockquote><p>#GIRLPOWER<\/p><p style=\"text-align: left;\">\u00a0<\/p><\/div>\n\t\t\t\t<\/div>\n\t\t\t\t<\/div>\n\t\t\t\t\t\t<\/div>\n\t\t\t\t\t<\/div>\n\t\t<\/div>\n\t\t\t\t\t\t\t\t<\/div>\n\t\t\t\t\t<\/div>\n\t\t<\/section>\n\t\t\t\t<section class=\"elementor-section elementor-top-section elementor-element elementor-element-22b1e90 elementor-section-boxed elementor-section-height-default elementor-section-height-default\" data-id=\"22b1e90\" data-element_type=\"section\">\n\t\t\t\t\t\t<div class=\"elementor-container elementor-column-gap-default\">\n\t\t\t\t\t\t\t<div class=\"elementor-row\">\n\t\t\t\t\t<div class=\"elementor-column elementor-col-100 elementor-top-column elementor-element elementor-element-a564b59\" data-id=\"a564b59\" data-element_type=\"column\">\n\t\t\t<div class=\"elementor-column-wrap elementor-element-populated\">\n\t\t\t\t\t\t\t<div class=\"elementor-widget-wrap\">\n\t\t\t\t\t\t<div class=\"elementor-element elementor-element-0900034 elementor-widget-divider--separator-type-pattern elementor-widget-divider--no-spacing elementor-widget-divider--view-line elementor-invisible elementor-widget elementor-widget-divider\" data-id=\"0900034\" data-element_type=\"widget\" data-settings=\"{&quot;_animation&quot;:&quot;fadeIn&quot;}\" data-widget_type=\"divider.default\">\n\t\t\t\t<div class=\"elementor-widget-container\">\n\t\t\t\t\t<div class=\"elementor-divider\" style=\"--divider-pattern-url: url(&quot;data:image\/svg+xml,%3Csvg xmlns=&#039;http:\/\/www.w3.org\/2000\/svg&#039; preserveAspectRatio=&#039;xMidYMid meet&#039; overflow=&#039;visible&#039; height=&#039;100%&#039; viewBox=&#039;0 0 126 26&#039; fill=&#039;black&#039; stroke=&#039;none&#039;%3E%3Cpath d=&#039;M3,10.2c2.6,0,2.6,2,2.6,3.2S4.4,16.5,3,16.5s-3-1.4-3-3.2S0.4,10.2,3,10.2z M18.8,10.2c1.7,0,3.2,1.4,3.2,3.2s-1.4,3.2-3.2,3.2c-1.7,0-3.2-1.4-3.2-3.2S17,10.2,18.8,10.2z M34.6,10.2c1.5,0,2.6,1.4,2.6,3.2s-0.5,3.2-1.9,3.2c-1.5,0-3.4-1.4-3.4-3.2S33.1,10.2,34.6,10.2z M50.5,10.2c1.7,0,3.2,1.4,3.2,3.2s-1.4,3.2-3.2,3.2c-1.7,0-3.3-0.9-3.3-2.6S48.7,10.2,50.5,10.2z M66.2,10.2c1.5,0,3.4,1.4,3.4,3.2s-1.9,3.2-3.4,3.2c-1.5,0-2.6-0.4-2.6-2.1S64.8,10.2,66.2,10.2z M82.2,10.2c1.7,0.8,2.6,1.4,2.6,3.2s-0.1,3.2-1.6,3.2c-1.5,0-3.7-1.4-3.7-3.2S80.5,9.4,82.2,10.2zM98.6,10.2c1.5,0,2.6,0.4,2.6,2.1s-1.2,4.2-2.6,4.2c-1.5,0-3.7-0.4-3.7-2.1S97.1,10.2,98.6,10.2z M113.4,10.2c1.2,0,2.2,0.9,2.2,3.2s-0.1,3.2-1.3,3.2s-3.1-1.4-3.1-3.2S112.2,10.2,113.4,10.2z&#039;\/%3E%3C\/svg%3E&quot;);\">\n\t\t\t<span class=\"elementor-divider-separator\">\n\t\t\t\t\t\t<\/span>\n\t\t<\/div>\n\t\t\t\t<\/div>\n\t\t\t\t<\/div>\n\t\t\t\t\t\t<\/div>\n\t\t\t\t\t<\/div>\n\t\t<\/div>\n\t\t\t\t\t\t\t\t<\/div>\n\t\t\t\t\t<\/div>\n\t\t<\/section>\n\t\t\t\t<section class=\"elementor-section elementor-top-section elementor-element elementor-element-118d9eb elementor-section-boxed elementor-section-height-default elementor-section-height-default\" data-id=\"118d9eb\" data-element_type=\"section\">\n\t\t\t\t\t\t<div class=\"elementor-container elementor-column-gap-default\">\n\t\t\t\t\t\t\t<div class=\"elementor-row\">\n\t\t\t\t\t<div class=\"elementor-column elementor-col-100 elementor-top-column elementor-element elementor-element-dc3a23b\" data-id=\"dc3a23b\" data-element_type=\"column\">\n\t\t\t<div class=\"elementor-column-wrap elementor-element-populated\">\n\t\t\t\t\t\t\t<div class=\"elementor-widget-wrap\">\n\t\t\t\t\t\t<div class=\"elementor-element elementor-element-96662f7 elementor-arrows-position-inside elementor-pagination-position-outside elementor-widget elementor-widget-image-carousel\" data-id=\"96662f7\" data-element_type=\"widget\" data-settings=\"{&quot;navigation&quot;:&quot;both&quot;,&quot;autoplay&quot;:&quot;yes&quot;,&quot;pause_on_hover&quot;:&quot;yes&quot;,&quot;pause_on_interaction&quot;:&quot;yes&quot;,&quot;autoplay_speed&quot;:5000,&quot;infinite&quot;:&quot;yes&quot;,&quot;speed&quot;:500}\" data-widget_type=\"image-carousel.default\">\n\t\t\t\t<div class=\"elementor-widget-container\">\n\t\t\t\t\t<div class=\"elementor-image-carousel-wrapper swiper-container\" dir=\"ltr\">\n\t\t\t<div class=\"elementor-image-carousel swiper-wrapper\">\n\t\t\t\t<div class=\"swiper-slide\"><figure class=\"swiper-slide-inner\"><img class=\"swiper-slide-image\" src=\"https:\/\/irenedoyen.com\/wp-content\/uploads\/2025\/01\/1-post-insta-Rosa-scott-perso-768x768.jpg\" alt=\"1 - post insta - Rosa scott - perso\" \/><\/figure><\/div><div class=\"swiper-slide\"><figure class=\"swiper-slide-inner\"><img class=\"swiper-slide-image\" src=\"https:\/\/irenedoyen.com\/wp-content\/uploads\/2025\/01\/1-post-insta-Rosa-scott-info-768x768.jpg\" alt=\"1 - post insta - Rosa scott - info\" \/><\/figure><\/div><div class=\"swiper-slide\"><figure class=\"swiper-slide-inner\"><img class=\"swiper-slide-image\" src=\"https:\/\/irenedoyen.com\/wp-content\/uploads\/2025\/01\/7-post-insta-Emmeline-Pankhust-interrogation-768x768.jpg\" alt=\"7 - post insta - Emmeline Pankhust - interrogation\" \/><\/figure><\/div><div class=\"swiper-slide\"><figure class=\"swiper-slide-inner\"><img class=\"swiper-slide-image\" src=\"https:\/\/irenedoyen.com\/wp-content\/uploads\/2025\/01\/7-post-insta-Emmeline-Pankhust-perso-768x768.jpg\" alt=\"7 - post insta - Emmeline Pankhust - perso\" \/><\/figure><\/div><div class=\"swiper-slide\"><figure class=\"swiper-slide-inner\"><img class=\"swiper-slide-image\" src=\"https:\/\/irenedoyen.com\/wp-content\/uploads\/2025\/01\/7-post-insta-Emmeline-Pankhust-info-768x768.jpg\" alt=\"7 - post insta - Emmeline Pankhust - info\" \/><\/figure><\/div><div class=\"swiper-slide\"><figure class=\"swiper-slide-inner\"><img class=\"swiper-slide-image\" src=\"https:\/\/irenedoyen.com\/wp-content\/uploads\/2025\/01\/6-post-insta-Tarana-Burke-interrogation-768x768.jpg\" alt=\"6 - post insta - Tarana Burke - interrogation\" \/><\/figure><\/div><div class=\"swiper-slide\"><figure class=\"swiper-slide-inner\"><img class=\"swiper-slide-image\" src=\"https:\/\/irenedoyen.com\/wp-content\/uploads\/2025\/01\/6-post-insta-Tarana-Burke-perso-768x768.jpg\" alt=\"6 - post insta - Tarana Burke - perso\" \/><\/figure><\/div><div class=\"swiper-slide\"><figure class=\"swiper-slide-inner\"><img class=\"swiper-slide-image\" src=\"https:\/\/irenedoyen.com\/wp-content\/uploads\/2025\/01\/6-post-insta-Tarana-Burke-info-768x768.jpg\" alt=\"6 - post insta - Tarana Burke - info\" \/><\/figure><\/div><div class=\"swiper-slide\"><figure class=\"swiper-slide-inner\"><img class=\"swiper-slide-image\" src=\"https:\/\/irenedoyen.com\/wp-content\/uploads\/2025\/01\/5-post-insta-Hubertine-Auclert-interrogation-768x768.jpg\" alt=\"5 - post insta - Hubertine Auclert - interrogation\" \/><\/figure><\/div><div class=\"swiper-slide\"><figure class=\"swiper-slide-inner\"><img class=\"swiper-slide-image\" src=\"https:\/\/irenedoyen.com\/wp-content\/uploads\/2025\/01\/5-post-insta-Hubertine-Auclert-perso-768x768.jpg\" alt=\"5 - post insta - Hubertine Auclert - perso\" \/><\/figure><\/div><div class=\"swiper-slide\"><figure class=\"swiper-slide-inner\"><img class=\"swiper-slide-image\" src=\"https:\/\/irenedoyen.com\/wp-content\/uploads\/2025\/01\/5-post-insta-Hubertine-Auclert-info-768x768.jpg\" alt=\"5 - post insta - Hubertine Auclert - info\" \/><\/figure><\/div><div class=\"swiper-slide\"><figure class=\"swiper-slide-inner\"><img class=\"swiper-slide-image\" src=\"https:\/\/irenedoyen.com\/wp-content\/uploads\/2025\/01\/4-post-insta-Harriet-clisby-interrogation-768x768.jpg\" alt=\"4 - post insta - Harriet clisby - interrogation\" \/><\/figure><\/div><div class=\"swiper-slide\"><figure class=\"swiper-slide-inner\"><img class=\"swiper-slide-image\" src=\"https:\/\/irenedoyen.com\/wp-content\/uploads\/2025\/01\/4-post-insta-Harriet-clisby-perso-768x768.jpg\" alt=\"4 - post insta - Harriet clisby - perso\" \/><\/figure><\/div><div class=\"swiper-slide\"><figure class=\"swiper-slide-inner\"><img class=\"swiper-slide-image\" src=\"https:\/\/irenedoyen.com\/wp-content\/uploads\/2025\/01\/4-post-insta-Harriet-clisby-info-768x768.jpg\" alt=\"4 - post insta - Harriet clisby - info\" \/><\/figure><\/div><div class=\"swiper-slide\"><figure class=\"swiper-slide-inner\"><img class=\"swiper-slide-image\" src=\"https:\/\/irenedoyen.com\/wp-content\/uploads\/2025\/01\/3-post-insta-Meaza-Ashenfi-interrogation-768x768.jpg\" alt=\"3 - post insta - Meaza Ashenfi - interrogation\" \/><\/figure><\/div><div class=\"swiper-slide\"><figure class=\"swiper-slide-inner\"><img class=\"swiper-slide-image\" src=\"https:\/\/irenedoyen.com\/wp-content\/uploads\/2025\/01\/3-post-insta-Meaza-Ashenfi-perso-768x768.jpg\" alt=\"3 - post insta - Meaza Ashenfi - perso\" \/><\/figure><\/div><div class=\"swiper-slide\"><figure class=\"swiper-slide-inner\"><img class=\"swiper-slide-image\" src=\"https:\/\/irenedoyen.com\/wp-content\/uploads\/2025\/01\/3-post-insta-Meaza-Ashenfi-info-768x768.jpg\" alt=\"3 - post insta - Meaza Ashenfi - info\" \/><\/figure><\/div><div class=\"swiper-slide\"><figure class=\"swiper-slide-inner\"><img class=\"swiper-slide-image\" src=\"https:\/\/irenedoyen.com\/wp-content\/uploads\/2025\/01\/2-post-insta-Simone-Veil-interrogation-768x768.jpg\" alt=\"2 - post insta - Simone Veil - interrogation\" \/><\/figure><\/div><div class=\"swiper-slide\"><figure class=\"swiper-slide-inner\"><img class=\"swiper-slide-image\" src=\"https:\/\/irenedoyen.com\/wp-content\/uploads\/2025\/01\/2-post-insta-Simone-Veil-perso-768x768.jpg\" alt=\"2 - post insta - Simone Veil - perso\" \/><\/figure><\/div><div class=\"swiper-slide\"><figure class=\"swiper-slide-inner\"><img class=\"swiper-slide-image\" src=\"https:\/\/irenedoyen.com\/wp-content\/uploads\/2025\/01\/2-post-insta-Simone-Veil-info-768x768.jpg\" alt=\"2 - post insta - Simone Veil - info\" \/><\/figure><\/div><div class=\"swiper-slide\"><figure class=\"swiper-slide-inner\"><img class=\"swiper-slide-image\" src=\"https:\/\/irenedoyen.com\/wp-content\/uploads\/2025\/01\/8-post-insta-Malala-Yousafzai-interrogation-768x768.jpg\" alt=\"8 - post insta - Malala Yousafzai - interrogation\" \/><\/figure><\/div><div class=\"swiper-slide\"><figure class=\"swiper-slide-inner\"><img class=\"swiper-slide-image\" src=\"https:\/\/irenedoyen.com\/wp-content\/uploads\/2025\/01\/8-post-insta-Malala-Yousafzai-perso-768x768.jpg\" alt=\"8 - post insta - Malala Yousafzai - perso\" \/><\/figure><\/div><div class=\"swiper-slide\"><figure class=\"swiper-slide-inner\"><img class=\"swiper-slide-image\" src=\"https:\/\/irenedoyen.com\/wp-content\/uploads\/2025\/01\/8-post-insta-Malala-Yousafzai-info-768x768.jpg\" alt=\"8 - post insta - Malala Yousafzai - info\" \/><\/figure><\/div><div class=\"swiper-slide\"><figure class=\"swiper-slide-inner\"><img class=\"swiper-slide-image\" src=\"https:\/\/irenedoyen.com\/wp-content\/uploads\/2025\/01\/post-insta-Journee-de-la-femme-768x768.jpg\" alt=\"post insta - Journ\u00e9e de la femme\" \/><\/figure><\/div>\t\t\t<\/div>\n\t\t\t\t\t\t\t\t\t\t\t\t<div class=\"swiper-pagination\"><\/div>\n\t\t\t\t\t\t\t\t\t\t\t\t\t<div class=\"elementor-swiper-button elementor-swiper-button-prev\">\n\t\t\t\t\t\t<i class=\"eicon-chevron-left\" aria-hidden=\"true\"><\/i>\n\t\t\t\t\t\t<span class=\"elementor-screen-only\">Pr\u00e9c\u00e9dent<\/span>\n\t\t\t\t\t<\/div>\n\t\t\t\t\t<div class=\"elementor-swiper-button elementor-swiper-button-next\">\n\t\t\t\t\t\t<i class=\"eicon-chevron-right\" aria-hidden=\"true\"><\/i>\n\t\t\t\t\t\t<span class=\"elementor-screen-only\">Suivant<\/span>\n\t\t\t\t\t<\/div>\n\t\t\t\t\t\t\t\t\t<\/div>\n\t\t\t\t<\/div>\n\t\t\t\t<\/div>\n\t\t\t\t\t\t<\/div>\n\t\t\t\t\t<\/div>\n\t\t<\/div>\n\t\t\t\t\t\t\t\t<\/div>\n\t\t\t\t\t<\/div>\n\t\t<\/section>\n\t\t\t\t<section class=\"elementor-section elementor-top-section elementor-element elementor-element-0b1f4d0 elementor-section-boxed elementor-section-height-default elementor-section-height-default\" data-id=\"0b1f4d0\" data-element_type=\"section\">\n\t\t\t\t\t\t<div class=\"elementor-container elementor-column-gap-default\">\n\t\t\t\t\t\t\t<div class=\"elementor-row\">\n\t\t\t\t\t<div class=\"elementor-column elementor-col-33 elementor-top-column elementor-element elementor-element-d3f9575\" data-id=\"d3f9575\" data-element_type=\"column\">\n\t\t\t<div class=\"elementor-column-wrap elementor-element-populated\">\n\t\t\t\t\t\t\t<div class=\"elementor-widget-wrap\">\n\t\t\t\t\t\t<div class=\"elementor-element elementor-element-1bd0560 elementor-widget elementor-widget-text-editor\" data-id=\"1bd0560\" data-element_type=\"widget\" data-widget_type=\"text-editor.default\">\n\t\t\t\t<div class=\"elementor-widget-container\">\n\t\t\t\t\t<div class=\"elementor-text-editor elementor-clearfix\"><p style=\"text-align: center;\">\u00c0 travers cette affiche cr\u00e9\u00e9e pour la Journ\u00e9e des Femmes, j\u2019ai voulu offrir une tribune visuelle aux luttes pour l\u2019\u00e9galit\u00e9 et le respect des femmes.<\/p><p style=\"text-align: center;\">Parfum\u00e9e au th\u00e9, chaque illustration refl\u00e8te ma vision unique et cr\u00e9ative, apportant une touche originale tout en c\u00e9l\u00e9brant la diversit\u00e9 et la force des femmes.<\/p><p style=\"text-align: center;\">Mon objectif : offrir un message de solidarit\u00e9 et d\u2019unit\u00e9, tout en proposant des visuels qui se distinguent par leur caract\u00e8re et leur impact.<\/p><\/div>\n\t\t\t\t<\/div>\n\t\t\t\t<\/div>\n\t\t\t\t\t\t<\/div>\n\t\t\t\t\t<\/div>\n\t\t<\/div>\n\t\t\t\t<div class=\"elementor-column elementor-col-66 elementor-top-column elementor-element elementor-element-7f7ebb4\" data-id=\"7f7ebb4\" data-element_type=\"column\">\n\t\t\t<div class=\"elementor-column-wrap elementor-element-populated\">\n\t\t\t\t\t\t\t<div class=\"elementor-widget-wrap\">\n\t\t\t\t\t\t<div class=\"elementor-element elementor-element-b675969 elementor-widget elementor-widget-image\" data-id=\"b675969\" data-element_type=\"widget\" data-widget_type=\"image.default\">\n\t\t\t\t<div class=\"elementor-widget-container\">\n\t\t\t\t\t<div class=\"elementor-image\">\n\t\t\t\t\t\t\t\t\t\t<img width=\"1536\" height=\"864\" src=\"https:\/\/irenedoyen.com\/wp-content\/uploads\/2025\/01\/facebook-evenement-banniere-1536x864.jpg\" class=\"attachment-1536x1536 size-1536x1536\" alt=\"\" loading=\"lazy\" srcset=\"https:\/\/irenedoyen.com\/wp-content\/uploads\/2025\/01\/facebook-evenement-banniere-1536x864.jpg 1536w, https:\/\/irenedoyen.com\/wp-content\/uploads\/2025\/01\/facebook-evenement-banniere-300x169.jpg 300w, https:\/\/irenedoyen.com\/wp-content\/uploads\/2025\/01\/facebook-evenement-banniere-1024x576.jpg 1024w, https:\/\/irenedoyen.com\/wp-content\/uploads\/2025\/01\/facebook-evenement-banniere-768x432.jpg 768w, https:\/\/irenedoyen.com\/wp-content\/uploads\/2025\/01\/facebook-evenement-banniere-640x360.jpg 640w, https:\/\/irenedoyen.com\/wp-content\/uploads\/2025\/01\/facebook-evenement-banniere-600x338.jpg 600w, https:\/\/irenedoyen.com\/wp-content\/uploads\/2025\/01\/facebook-evenement-banniere.jpg 1920w\" sizes=\"(max-width: 1536px) 100vw, 1536px\" \/>\t\t\t\t\t\t\t\t\t\t\t<\/div>\n\t\t\t\t<\/div>\n\t\t\t\t<\/div>\n\t\t\t\t\t\t<\/div>\n\t\t\t\t\t<\/div>\n\t\t<\/div>\n\t\t\t\t\t\t\t\t<\/div>\n\t\t\t\t\t<\/div>\n\t\t<\/section>\n\t\t\t\t\t\t<\/div>\n\t\t\t\t\t\t<\/div>\n\t\t\t\t\t<\/div>\n\t\t","protected":false},"excerpt":{"rendered":"<p>Collectif 8 mars 87 \u00a0La journ\u00e9e internationale de lutte pour les droits des femmes Je\u00a0suis intervenu en tant que : Cr\u00e9ation d&#8217;affiche Concepteur visuel illustrations des personnages Banni\u00e8re FB Le Collectif 08 mars 87 rassemble des associations et syndicats de la Haute-Vienne afin de d\u00e9noncer toutes les formes de violences et de discriminations. &#8220;Je\u00a0 n&#8217;accepte [&hellip;]<\/p>\n","protected":false},"author":1,"featured_media":0,"parent":0,"menu_order":0,"comment_status":"closed","ping_status":"closed","template":"","meta":[],"_links":{"self":[{"href":"https:\/\/irenedoyen.com\/index.php\/wp-json\/wp\/v2\/pages\/1950"}],"collection":[{"href":"https:\/\/irenedoyen.com\/index.php\/wp-json\/wp\/v2\/pages"}],"about":[{"href":"https:\/\/irenedoyen.com\/index.php\/wp-json\/wp\/v2\/types\/page"}],"author":[{"embeddable":true,"href":"https:\/\/irenedoyen.com\/index.php\/wp-json\/wp\/v2\/users\/1"}],"replies":[{"embeddable":true,"href":"https:\/\/irenedoyen.com\/index.php\/wp-json\/wp\/v2\/comments?post=1950"}],"version-history":[{"count":8,"href":"https:\/\/irenedoyen.com\/index.php\/wp-json\/wp\/v2\/pages\/1950\/revisions"}],"predecessor-version":[{"id":1989,"href":"https:\/\/irenedoyen.com\/index.php\/wp-json\/wp\/v2\/pages\/1950\/revisions\/1989"}],"wp:attachment":[{"href":"https:\/\/irenedoyen.com\/index.php\/wp-json\/wp\/v2\/media?parent=1950"}],"curies":[{"name":"wp","href":"https:\/\/api.w.org\/{rel}","templated":true}]}}